{"id":2,"date":"2020-03-18T09:40:14","date_gmt":"2020-03-18T09:40:14","guid":{"rendered":"https:\/\/kitdigital.2ados.es\/?page_id=2"},"modified":"2022-03-29T07:43:24","modified_gmt":"2022-03-29T06:43:24","slug":"inicio","status":"publish","type":"page","link":"https:\/\/kitdigital.2ados.es\/","title":{"rendered":"Inicio"},"content":{"rendered":"<div class=\"fusion-fullwidth fullwidth-box fusion-builder-row-1 fusion-flex-container hundred-percent-fullwidth non-hundred-percent-height-scrolling\" style=\"background-color: rgba(255,255,255,0);background-position: center center;background-repeat: no-repeat;border-width: 0px 0px 0px 0px;border-color:#e2e2e2;border-style:solid;\" ><div class=\"fusion-builder-row fusion-row fusion-flex-align-items-flex-start\" style=\"width:104% !important;max-width:104% !important;margin-left: calc(-4% \/ 2 );margin-right: calc(-4% \/ 2 );\"><div class=\"fusion-layout-column fusion_builder_column fusion-builder-column-0 fusion_builder_column_1_1 1_1 fusion-flex-column\"><div class=\"fusion-column-wrapper fusion-flex-justify-content-flex-start fusion-content-layout-column\" style=\"background-position:left top;background-repeat:no-repeat;-webkit-background-size:cover;-moz-background-size:cover;-o-background-size:cover;background-size:cover;padding: 0px 0px 0px 0px;\"><div id=\"contenido\">\n<header>\n\t<div id=\"logo\">\n\t\t<img decoding=\"async\" src=\"wp-content\/uploads\/2022\/03\/logo-2ados.png\"\/>\n\t<\/div>\n\t<div>\n        <ul class=\"menu desktop\">\n            <li><a href=\"javascript:void(0)\" onclick=\"ir(1)\">QU\u00c9 ES<\/a><\/li>\n            <li><a href=\"javascript:void(0)\" onclick=\"ir(2)\">PARA QUI\u00c9N<\/a><\/li>\n            <li><a href=\"javascript:void(0)\" onclick=\"ir(3)\">CATEGOR\u00cdAS<\/a><\/li>\n            <li><a href=\"javascript:void(0)\" onclick=\"ir(4)\">C\u00d3MO Y CU\u00c1NDO<\/a><\/li>\n\t\t\t<li><a href=\"javascript:void(0)\" onclick=\"ir(5)\">2ADOS<\/a><\/li>\n\t\t\t<li><a href=\"javascript:void(0)\" onclick=\"ir(6)\">TRABAJOS<\/a><\/li>\n\t\t\t<li><a href=\"javascript:void(0)\" onclick=\"ir(7)\">CONT\u00c1CTANOS<\/a><\/li>\n\t\t<\/ul>\n\t\t\n\t\t<ul class=\"menu respon\">\n            <li><a href=\"#que_es\">QU\u00c9 ES<\/a><\/li>\n            <li><a href=\"#para_quien\">PARA QUI\u00c9N<\/a><\/li>\n            <li><a href=\"#categorias\">CATEGOR\u00cdAS<\/a><\/li>\n            <li><a href=\"#como_y_cuando\">C\u00d3MO Y CU\u00c1NDO<\/a><\/li>\n\t\t\t<li><a href=\"#2ados\">2ADOS<\/a><\/li>\n\t\t\t<li><a href=\"#trabajos\">TRABAJOS<\/a><\/li>\n\t\t\t<li><a href=\"#contactanos\">CONT\u00c1CTANOS<\/a><\/li>\n\t\t<\/ul>\n  \t<\/div>\n<\/header>\n<div class=\"seccion\" id=\"s\">\n\t\t\t<div>\n\t\t\t\t<h1>HASTA <span>12.000\u20ac<\/span> <br\/>PARA DIGITALIZAR <br\/>TU EMPRESA<\/h1>\n\t\t\t\t\n\t\t\t\t<h2>IMPULSA LA DIGITALIZACI\u00d3N DE TU EMPRESA CON 2ADOS<\/h2>\n\t\t\t\t\n\t\t\t\t<p>El programa <strong>KIT DIGITAL<\/strong> tiene como objetivo la concesi\u00f3n de ayudas a <strong>pymes y aut\u00f3nomos<\/strong> para la transformaci\u00f3n digital. <strong>Evoluciona y mejora tu negocio gracias a la tecnolog\u00eda<\/strong>. En 2ados somos Agente Digitalizador y podemos ayudarte a digitalizar tu negocio.<\/p>\n\t\t\t\t\n\t\t\t\t<p class=\"cta\">\n\t\t\t\t\t<a href=\"javascript:void(0)\" onclick=\"ir(7)\" class=\"desktop\">\u00bfHablamos?<\/a>\n\t\t\t\t\t<a href=\"#conocenos\" class=\"respon\">\u00bfHablamos?<\/a>\n\t\t\t\t<\/p>\n\t\t\t<\/div>\n\t\t<\/div>\n\t\t<div class=\"seccion\" id=\"s0\" style=\"position: fixed; top: 100%;\">\n            <div>\n              \t<span id=\"que_es\" class=\"ancla\"><\/span>\n\t\t\t\t<h2><span>\u00bfQU\u00c9 ES EL <br\/>PROGRAMA <br\/>KIT DIGITAL?<\/span><\/h2>\n\t\t\t<\/div>\n\t\t\t<div>\n\t\t\t\t<p>El Programa Kit Digital tiene como objetivo <strong>subvencionar la implantaci\u00f3n de soluciones digitales en empresas y acompa\u00f1arlas en el proceso de transformaci\u00f3n digital<\/strong>. Dirigido a peque\u00f1as empresas, microempresas y trabajadores aut\u00f3nomos que pertenezcan a cualquier sector o tipolog\u00eda de negocio.<\/p>\n\t\t\t\t\n\t\t\t\t<p>El programa est\u00e1 dotado con un presupuesto <strong>de m\u00e1s de 3.000 millones de euros, financiado<\/strong> por la Uni\u00f3n Europea a trav\u00e9s de los fondos Next Generation EU, y tiene el objetivo de digitalizar a las pymes y aut\u00f3nomos de nuestro pa\u00eds.<\/p>\n\t\t\t<\/div>\n\t\t<\/div>\n\t\t<div class=\"seccion\" id=\"s1\" style=\"position: fixed; top: 100%;\">\n\t\t\t<div>\n\t\t\t\t<p class=\"intro\">Las subvenciones del programa Kit Digital est\u00e1n dirigidas a cubrir las necesidades de las peque\u00f1as empresas, las microempresas y los\/las trabajadores aut\u00f3nomos en un periodo de 12 meses.<\/p>\n\t\t\t\t\n\t\t\t\t<div>\n\t\t\t\t\t<h4>Bono de hasta 12.000 \u20ac<\/h4>\n\t\t\t\t\t<p>Para peque\u00f1as empresas <strong>entre 10 y menos de 50 empleados\/as<\/strong>.<\/p>\n\t\t\t\t<\/div>\n\t\t\t\t<div>\n\t\t\t\t\t<h4>Bono de hasta 6.000 \u20ac<\/h4>\n\t\t\t\t\t<p>Para peque\u00f1as empresas o microempresas <strong>entre 3 y menos de 10 empleados\/as<\/strong>.<\/p>\n\t\t\t\t<\/div>\n\t\t\t\t<div>\n\t\t\t\t\t<h4>Bono de hasta 2.000 \u20ac<\/h4>\n\t\t\t\t\t<p>Para peque\u00f1as empresas o microempresas de <strong>entre 0 y menos de 3 empleados\/as<\/strong>.<\/p>\n\t\t\t\t<\/div>\n\t\t\t<\/div>\n\t\t\t<div>\n              \t<span id=\"para_quien\" class=\"ancla\"><\/span>\n\t\t\t\t<h2><span>\u00bfPARA <br\/>QUI\u00c9N?<\/span><\/h2>\n\t\t\t<\/div>\n\t\t<\/div>\n\t\t<div class=\"seccion\" id=\"s2\" style=\"position: fixed; top: 100%;\">\n\t\t\t<div>\n              \t<span id=\"categorias\" class=\"ancla\"><\/span>\n\t\t\t\t<h2><span>\u00bfQU\u00c9 <br\/>CATEGOR\u00cdAS <br\/>INCLUYE <br\/>ESTA <br\/>AYUDA?<\/span><\/h2>\n\t\t\t<\/div>\n\t\t\t<div>\n\t\t\t\t<ul>\n\t\t\t\t\t<li>Sitio web y presencia en internet (Hasta 2.000\u20ac)<\/li>\n\t\t\t\t\t<li>Comercio electr\u00f3nico (Hasta 2.000\u20ac)<\/li>\n\t\t\t\t\t<li>Gesti\u00f3n de redes sociales (Hasta 2.500\u20ac)<\/li>\n\t\t\t\t\t<li>Gesti\u00f3n de clientes (Hasta 4.000\u20ac)<\/li>\n\t\t\t\t\t<li>Business Intelligence y Anal\u00edtica (Hasta 4.000\u20ac)<\/li>\n\t\t\t\t\t<li>Gesti\u00f3n de procesos (Hasta 6.000\u20ac)<\/li>\n\t\t\t\t\t<li>Factura electr\u00f3nica (Hasta 1.000\u20ac)<\/li>\n\t\t\t\t\t<li>Servicios y herramientas de oficina virtual (Hasta 12.000\u20ac)<\/li>\n\t\t\t\t\t<li>Comunicaciones seguras (Hasta 6.000\u20ac)<\/li>\n\t\t\t\t\t<li>Ciberseguridad (Hasta 6.000\u20ac)<\/li>\n\t\t\t\t<\/ul>\n\t\t\t<\/div>\n\t\t<\/div>\n\t\t<div class=\"seccion\" id=\"s3\" style=\"position: fixed; top: 100%;\">\n\t\t\t<div>\n\t\t\t\t<h3>\u00bfC\u00d3MO SOLICITAR LA AYUDA?<\/h3>\n\t\t\t\t<ol>\n\t\t\t\t\t<li><strong>Reg\u00edstrate en Acelera Pyme<\/strong> (www.acelerapyme.es) y completa el test de diagn\u00f3stico digital para saber el nivel de madurez digital de tu empresa.<\/li>\n\t\t\t\t\t<li><strong>Elige una o varias soluciones<\/strong> de digitalizaci\u00f3n.<\/li>\n\t\t\t\t\t<li><strong>Solicita la ayuda Kit Digital<\/strong> en la sede electr\u00f3nica de Red.es (sede.red.gob.es)<\/li>\n\t\t\t\t\t<li><strong>Accede al cat\u00e1logo de digitalizadores<\/strong> donde encontraras <strong>2ados y ponte en contacto con nosotros<\/strong> para empezar a trabajar juntos.<\/li>\n\t\t\t\t<\/ol>\n\t\t\t\t\n\t\t\t\t<h3>\u00bfCU\u00c1NDO SOLICITARLA?<\/h4>\n\t\t\t\t<div>\n\t\t\t\t\t<strong>Del 15\/03\/2022 hasta el 15\/09\/2022<\/strong>: Abierto el plazo de solicitud para empresas de entre 10 y 49 empleados\/as.\n\t\t\t\t<\/div>\n\t\t\t\t<div>\n\t\t\t\t\t<strong>Antes de verano de 2022<\/strong> - Plazo previsto de apertura para la convocatoria de empresas de entre 3 y 9 empleados\/as.\n\t\t\t\t<\/div>\n\t\t\t\t<div>\n\t\t\t\t\t<strong>Septiembre 2022<\/strong> - Plazo previsto de apertura para la convocatoria de aut\u00f3nomos\/as o hasta 2 empleado\/a.\n\t\t\t\t<\/div>\n\t\t\t<\/div>\n\t\t\t<div>\n              \t<span id=\"como_y_cuando\" class=\"ancla\"><\/span>\n\t\t\t\t<h2><span>\u00bfC\u00d3MO Y <br\/>CU\u00c1NDO <br\/>SOLICITAR LA <br\/>AYUDA?<\/span><\/h2>\n\t\t\t<\/div>\n\t\t<\/div>\n\t\t<div class=\"seccion\" id=\"s4\" style=\"position: fixed; top: 100%;\">\n\t\t\t<div>\n              \t<span id=\"2ados\" class=\"ancla\"><\/span>\n\t\t\t\t<h2><span>\u00bfQUI\u00c9NES <br\/>SOMOS <br\/>2ADOS?<\/span><\/h2>\n\t\t\t<\/div>\n\t\t\t<div>\n\t\t\t\t<div>\n\t\t\t\t\t<p>Llevamos <strong>m\u00e1s de 20 a\u00f1os so\u00f1ando con comunicar<\/strong>. En este recorrido hemos descubierto la importancia de <strong>interpretar las necesidades y peculiaridades de cada cliente<\/strong>. Cada proyecto es \u00fanico y por ello nos ponemos en su piel para recorrer todas las fases del proceso. <strong>Cientos de clientes de todo el pa\u00eds han confiado en nuestro saber hacer<\/strong>, ya sean grandes multinacionales, instituciones o peque\u00f1os grandes proyectos. Estrategia, dise\u00f1o, innovaci\u00f3n, planificaci\u00f3n\u2026<\/p>\n\t\t\t\t\t\n\t\t\t\t\t<p>El equipo de 2ados lo formamos perfiles muy diferentes y eso es precisamente lo que nos hace \u00fanicos. Comunicaci\u00f3n, marketing, estrategia, dise\u00f1o, creatividad, ilustraci\u00f3n, arquitectura, nuevas tecnolog\u00edas, usabilidad, eventos, branding etc. Nuestra fuerza, que no nos parecemos en nada y formamos un gran equipo. Nuestra ventaja, que cada <strong>punto de vista, pensamiento, vivencia y habilidad suma en positivo<\/strong>.<\/p>\n\t\t\t\t<\/div>\n\t\t\t<\/div>\n\t\t<\/div>\n\t\t\n\t\t<div class=\"seccion\" id=\"s5\" style=\"position: fixed; top: 100%;\">\n\t\t\t<div>\n\t\t\t\t<span id=\"trabajos\" class=\"ancla\"><\/span>\n\t\t\t\t<h2><span>\u00bfQUIERES VER <br\/>NUESTROS TRABAJOS?<\/span><\/h2>\n\t\t\t\t\n\t\t\t\t<div class=\"trabajos\">\n\t\t\t\t\t<a href=\"https:\/\/2ados.es\/project\/campana-okivitri\/\" target=\"_blank\"><img decoding=\"async\" src=\"wp-content\/uploads\/2022\/03\/biokibank.jpg\"\/><\/a>\n\t\t\t\t\t<a href=\"https:\/\/2ados.es\/project\/visit-rioja-alavesa\/\" target=\"_blank\"><img decoding=\"async\" src=\"wp-content\/uploads\/2022\/03\/visitriojaalavesa.jpg\"\/><\/a>\n\t\t\t\t\t<a href=\"https:\/\/2ados.es\/project\/llegamos-donde-estes\/\" target=\"_blank\"><img decoding=\"async\" src=\"wp-content\/uploads\/2022\/03\/llegamos_donde_estes.jpg\"\/><\/a>\n\t\t\t\t\t<a href=\"https:\/\/2ados.es\/project\/laua-studio\/\" target=\"_blank\"><img decoding=\"async\" src=\"wp-content\/uploads\/2022\/03\/laua.jpg\"\/><\/a>\n\t\t\t\t\t<a href=\"https:\/\/2ados.es\/project\/addendo\/\" target=\"_blank\"><img decoding=\"async\" src=\"wp-content\/uploads\/2022\/03\/addendo.jpg\"\/><\/a>\n\t\t\t\t\t<a href=\"https:\/\/2ados.es\/project\/ciudad-de-las-artes-y-las-ciencias-valencia\/\" target=\"_blank\"><img decoding=\"async\" src=\"wp-content\/uploads\/2022\/03\/ccv.jpg\"\/><\/a>\n\t\t\t\t\t<a href=\"https:\/\/2ados.es\/project\/bodegas-ostatu\/\" target=\"_blank\"><img decoding=\"async\" src=\"wp-content\/uploads\/2022\/03\/ostatu.jpg\"\/><\/a>\n\t\t\t\t\t<a href=\"https:\/\/2ados.es\/project\/gigabar\/\" target=\"_blank\"><img decoding=\"async\" src=\"wp-content\/uploads\/2022\/03\/gigabar.jpg\"\/><\/a>\n\t\t\t\t<\/div>\n\t\t\t<\/div>\n\t\t<\/div>\n\t\t<div class=\"seccion\" id=\"s6\" style=\"position: fixed; top: 100%;\">\n\t\t\t<div>\n\t\t\t\t<div>\n\t\t\t\t\t<span id=\"conocenos\" class=\"ancla\"><\/span>\n\t\t\t\t\t<h2><span>\u00bfALGUNA DUDA?<\/span><\/h2>\n\t\t\t\t\t<div>\n\t\t\t\t\t<p>Para <strong>informaci\u00f3n t\u00e9cnica del programa Kit Digital<\/strong> y <br\/>el proceso de solicitud:<br\/><a href=\"https:\/\/www.acelerapyme.es\/\" target=\"_blank\">www.acelerapyme.es<\/a><\/p>\n\t\t\t\t\t<div>\n\t\t\t\t\t\t<p>Para consultas sobre <strong>tu proyecto digital<\/strong> <br\/>puedes contactar con 2ados en:<\/p>\n\t\t\t\t\t\t<ul>\n\t\t\t\t\t\t\t<li>Tel\u00e9fono: 945 148 442<\/li>\n\t\t\t\t\t\t\t<li><a href=\"mailto:hola@2ados.es\">hola@2ados.es<\/a><\/li>\n\t\t\t\t\t\t\t<li><a href=\"https:\/\/2ados.es\/\" target=\"_blank\">www.2ados.es<\/a><\/li>\n\t\t\t\t\t\t<\/ul>\n\t\t\t\t\t<\/div>\n                    <\/div>\n\t\t\t\t<\/div>\n\t\t\t\t<div>\n\t\t\t\t\t\n<div class=\"wpcf7 no-js\" id=\"wpcf7-f5-o1\" lang=\"es-ES\" dir=\"ltr\" data-wpcf7-id=\"5\">\n<div class=\"screen-reader-response\"><p role=\"status\" aria-live=\"polite\" aria-atomic=\"true\"><\/p> <ul><\/ul><\/div>\n<form action=\"\/index.php?rest_route=%2Fwp%2Fv2%2Fpages%2F2#wpcf7-f5-o1\" method=\"post\" class=\"wpcf7-form init\" aria-label=\"Formulario de contacto\" novalidate=\"novalidate\" data-status=\"init\">\n<div style=\"display: none;\">\n<input type=\"hidden\" name=\"_wpcf7\" value=\"5\" \/>\n<input type=\"hidden\" name=\"_wpcf7_version\" value=\"6.0.5\" \/>\n<input type=\"hidden\" name=\"_wpcf7_locale\" value=\"es_ES\" \/>\n<input type=\"hidden\" name=\"_wpcf7_unit_tag\" value=\"wpcf7-f5-o1\" \/>\n<input type=\"hidden\" name=\"_wpcf7_container_post\" value=\"0\" \/>\n<input type=\"hidden\" name=\"_wpcf7_posted_data_hash\" value=\"\" \/>\n<input type=\"hidden\" name=\"_wpcf7_recaptcha_response\" value=\"\" \/>\n<\/div>\n<p><label> Nombre*<br \/>\n<span class=\"wpcf7-form-control-wrap\" data-name=\"nombre\"><input size=\"40\" maxlength=\"400\" class=\"wpcf7-form-control wpcf7-text wpcf7-validates-as-required\" aria-required=\"true\" aria-invalid=\"false\" value=\"\" type=\"text\" name=\"nombre\" \/><\/span> <\/label>\n<\/p>\n<p><label> E-mail*<br \/>\n<span class=\"wpcf7-form-control-wrap\" data-name=\"email\"><input size=\"40\" maxlength=\"400\" class=\"wpcf7-form-control wpcf7-email wpcf7-validates-as-required wpcf7-text wpcf7-validates-as-email\" aria-required=\"true\" aria-invalid=\"false\" value=\"\" type=\"email\" name=\"email\" \/><\/span> <\/label>\n<\/p>\n<p><label> Mensaje*<br \/>\n<span class=\"wpcf7-form-control-wrap\" data-name=\"mensaje\"><textarea cols=\"40\" rows=\"10\" maxlength=\"2000\" class=\"wpcf7-form-control wpcf7-textarea wpcf7-validates-as-required\" aria-required=\"true\" aria-invalid=\"false\" name=\"mensaje\"><\/textarea><\/span> <\/label>\n<\/p>\n<p><span class=\"wpcf7-form-control-wrap\" data-name=\"privacidad\"><span class=\"wpcf7-form-control wpcf7-checkbox wpcf7-validates-as-required\"><span class=\"wpcf7-list-item first last\"><label><input type=\"checkbox\" name=\"privacidad[]\" value=\"He le\u00eddo y acepto la Pol\u00edtica de privacidad\" \/><span class=\"wpcf7-list-item-label\">He le\u00eddo y acepto la Pol\u00edtica de privacidad<\/span><\/label><\/span><\/span><\/span>\n<\/p>\n<p class=\"tar\"><br \/>\n<input class=\"wpcf7-form-control wpcf7-submit has-spinner\" type=\"submit\" value=\"ENVIAR\" \/>\n<\/p><div class=\"fusion-alert alert custom alert-custom fusion-alert-center wpcf7-response-output alert-dismissable\" style=\"border-width:1px;\"><button type=\"button\" class=\"close toggle-alert\" data-dismiss=\"alert\" aria-hidden=\"true\">&times;<\/button><div class=\"fusion-alert-content-wrapper\"><span class=\"fusion-alert-content\"><\/span><\/div><\/div>\n<\/form>\n<\/div>\n\n\t\t\t\t<\/div>\n\t\t\t<\/div>\n\t\t\t<ul class=\"alpc\">\n\t\t\t\t<li><a href=\"aviso-legal\">Aviso legal<\/a><\/li>\n\t\t\t\t<li><a href=\"politica-de-cookies\">Pol\u00edtica de cookies<\/a><\/li>\n\t\t\t<\/ul>\n\t\t\t<div class=\"footer\">\n\t\t\t\t<img decoding=\"async\" src=\"wp-content\/uploads\/2022\/03\/Logo_Ministerio.png\"\/>\n\t\t\t\t<img decoding=\"async\" src=\"wp-content\/uploads\/2022\/03\/Logos_redes.png\"\/>\n\t\t\t\t<img decoding=\"async\" src=\"wp-content\/uploads\/2022\/03\/logo_kit.png\"\/>\n\t\t\t\t<img decoding=\"async\" src=\"wp-content\/uploads\/2022\/03\/Logo_TR.png\"\/>\n\t\t\t\t<img decoding=\"async\" src=\"wp-content\/uploads\/2022\/03\/Logo_UE.png\"\/>\n\t\t\t<\/div>\n\t\t<\/div>\n<\/div>\n<\/div><\/div><style type=\"text\/css\">.fusion-body .fusion-builder-column-0{width:100% !important;margin-top : 0px;margin-bottom : 0px;}.fusion-builder-column-0 > .fusion-column-wrapper {padding-top : 0 !important;padding-right : 0 !important;margin-right : 1.92%;padding-bottom : 0 !important;padding-left : 0 !important;margin-left : 1.92%;}@media only screen and (max-width:1024px) {.fusion-body .fusion-builder-column-0{width:100% !important;order : 0;}.fusion-builder-column-0 > .fusion-column-wrapper {margin-right : 1.92%;margin-left : 1.92%;}}@media only screen and (max-width:640px) {.fusion-body .fusion-builder-column-0{width:100% !important;order : 0;}.fusion-builder-column-0 > .fusion-column-wrapper {margin-right : 1.92%;margin-left : 1.92%;}}<\/style><\/div><style type=\"text\/css\">.fusion-body .fusion-flex-container.fusion-builder-row-1{ padding-top : 0px;margin-top : 0px;padding-right : 0px;padding-bottom : 0px;margin-bottom : 0px;padding-left : 0px;}<\/style><\/div>\n","protected":false},"excerpt":{"rendered":"","protected":false},"author":3,"featured_media":0,"parent":0,"menu_order":0,"comment_status":"closed","ping_status":"open","template":"100-width.php","meta":{"footnotes":""},"class_list":["post-2","page","type-page","status-publish","hentry"],"yoast_head":"<!-- This site is optimized with the Yoast SEO plugin v24.8.1 - https:\/\/yoast.com\/wordpress\/plugins\/seo\/ -->\n<title>Kit Digital 2ados<\/title>\n<meta name=\"robots\" content=\"index, follow, max-snippet:-1, max-image-preview:large, max-video-preview:-1\" \/>\n<link rel=\"canonical\" href=\"https:\/\/kitdigital.2ados.es\/\" \/>\n<meta property=\"og:locale\" content=\"es_ES\" \/>\n<meta property=\"og:type\" content=\"article\" \/>\n<meta property=\"og:title\" content=\"Kit Digital 2ados\" \/>\n<meta property=\"og:url\" content=\"https:\/\/kitdigital.2ados.es\/\" \/>\n<meta property=\"og:site_name\" content=\"Kit Digital 2ados\" \/>\n<meta property=\"article:modified_time\" content=\"2022-03-29T06:43:24+00:00\" \/>\n<meta name=\"twitter:card\" content=\"summary_large_image\" \/>\n<meta name=\"twitter:label1\" content=\"Tiempo de lectura\" \/>\n\t<meta name=\"twitter:data1\" content=\"10 minutos\" \/>\n<script type=\"application\/ld+json\" class=\"yoast-schema-graph\">{\"@context\":\"https:\/\/schema.org\",\"@graph\":[{\"@type\":\"WebPage\",\"@id\":\"https:\/\/kitdigital.2ados.es\/\",\"url\":\"https:\/\/kitdigital.2ados.es\/\",\"name\":\"Kit Digital 2ados\",\"isPartOf\":{\"@id\":\"https:\/\/kitdigital.2ados.es\/#website\"},\"datePublished\":\"2020-03-18T09:40:14+00:00\",\"dateModified\":\"2022-03-29T06:43:24+00:00\",\"breadcrumb\":{\"@id\":\"https:\/\/kitdigital.2ados.es\/#breadcrumb\"},\"inLanguage\":\"es\",\"potentialAction\":[{\"@type\":\"ReadAction\",\"target\":[\"https:\/\/kitdigital.2ados.es\/\"]}]},{\"@type\":\"BreadcrumbList\",\"@id\":\"https:\/\/kitdigital.2ados.es\/#breadcrumb\",\"itemListElement\":[{\"@type\":\"ListItem\",\"position\":1,\"name\":\"Portada\",\"item\":\"https:\/\/kitdigital.2ados.es\/\"},{\"@type\":\"ListItem\",\"position\":2,\"name\":\"Inicio\"}]},{\"@type\":\"WebSite\",\"@id\":\"https:\/\/kitdigital.2ados.es\/#website\",\"url\":\"https:\/\/kitdigital.2ados.es\/\",\"name\":\"Kit Digital 2ados\",\"description\":\"\",\"potentialAction\":[{\"@type\":\"SearchAction\",\"target\":{\"@type\":\"EntryPoint\",\"urlTemplate\":\"https:\/\/kitdigital.2ados.es\/?s={search_term_string}\"},\"query-input\":{\"@type\":\"PropertyValueSpecification\",\"valueRequired\":true,\"valueName\":\"search_term_string\"}}],\"inLanguage\":\"es\"}]}<\/script>\n<!-- \/ Yoast SEO plugin. -->","yoast_head_json":{"title":"Kit Digital 2ados","robots":{"index":"index","follow":"follow","max-snippet":"max-snippet:-1","max-image-preview":"max-image-preview:large","max-video-preview":"max-video-preview:-1"},"canonical":"https:\/\/kitdigital.2ados.es\/","og_locale":"es_ES","og_type":"article","og_title":"Kit Digital 2ados","og_url":"https:\/\/kitdigital.2ados.es\/","og_site_name":"Kit Digital 2ados","article_modified_time":"2022-03-29T06:43:24+00:00","twitter_card":"summary_large_image","twitter_misc":{"Tiempo de lectura":"10 minutos"},"schema":{"@context":"https:\/\/schema.org","@graph":[{"@type":"WebPage","@id":"https:\/\/kitdigital.2ados.es\/","url":"https:\/\/kitdigital.2ados.es\/","name":"Kit Digital 2ados","isPartOf":{"@id":"https:\/\/kitdigital.2ados.es\/#website"},"datePublished":"2020-03-18T09:40:14+00:00","dateModified":"2022-03-29T06:43:24+00:00","breadcrumb":{"@id":"https:\/\/kitdigital.2ados.es\/#breadcrumb"},"inLanguage":"es","potentialAction":[{"@type":"ReadAction","target":["https:\/\/kitdigital.2ados.es\/"]}]},{"@type":"BreadcrumbList","@id":"https:\/\/kitdigital.2ados.es\/#breadcrumb","itemListElement":[{"@type":"ListItem","position":1,"name":"Portada","item":"https:\/\/kitdigital.2ados.es\/"},{"@type":"ListItem","position":2,"name":"Inicio"}]},{"@type":"WebSite","@id":"https:\/\/kitdigital.2ados.es\/#website","url":"https:\/\/kitdigital.2ados.es\/","name":"Kit Digital 2ados","description":"","potentialAction":[{"@type":"SearchAction","target":{"@type":"EntryPoint","urlTemplate":"https:\/\/kitdigital.2ados.es\/?s={search_term_string}"},"query-input":{"@type":"PropertyValueSpecification","valueRequired":true,"valueName":"search_term_string"}}],"inLanguage":"es"}]}},"_links":{"self":[{"href":"https:\/\/kitdigital.2ados.es\/index.php?rest_route=\/wp\/v2\/pages\/2","targetHints":{"allow":["GET"]}}],"collection":[{"href":"https:\/\/kitdigital.2ados.es\/index.php?rest_route=\/wp\/v2\/pages"}],"about":[{"href":"https:\/\/kitdigital.2ados.es\/index.php?rest_route=\/wp\/v2\/types\/page"}],"author":[{"embeddable":true,"href":"https:\/\/kitdigital.2ados.es\/index.php?rest_route=\/wp\/v2\/users\/3"}],"replies":[{"embeddable":true,"href":"https:\/\/kitdigital.2ados.es\/index.php?rest_route=%2Fwp%2Fv2%2Fcomments&post=2"}],"version-history":[{"count":29,"href":"https:\/\/kitdigital.2ados.es\/index.php?rest_route=\/wp\/v2\/pages\/2\/revisions"}],"predecessor-version":[{"id":103,"href":"https:\/\/kitdigital.2ados.es\/index.php?rest_route=\/wp\/v2\/pages\/2\/revisions\/103"}],"wp:attachment":[{"href":"https:\/\/kitdigital.2ados.es\/index.php?rest_route=%2Fwp%2Fv2%2Fmedia&parent=2"}],"curies":[{"name":"wp","href":"https:\/\/api.w.org\/{rel}","templated":true}]}}